 of d?
3
Suppose 0 = -99*s + 94*s + 15. Suppose 0*j - 3*j - s*d + 36 = 0, 2*j + d - 20 = 0. Suppose 389 = j*h - 123. What is the units digit of h?
4
Let o = 42 + -53. Let u(s) = 44*s + 15. Let q(k) = 22*k + 7. Let w(b) = o*q(b) + 6*u(b). What is the units digit of w(7)?
7
Suppose 0 = -5*z + 6 + 9. Let o be (38 - 3 - z) + 2. Suppose -m - 3*j + o = -0*j, -182 = -5*m - 3*j. What is the units digit of m?
7
Let j = -1741 - -5443. What is the units digit of j?
2
Let h(t) = 7*t + 48. Let o be h(-6). Suppose -315 = -m - 8*l + o*l, -3*m + 954 = -3*l. What is the hundreds digit of m?
3
Let f(y) = y**3 - 12*y**2 - 19*y + 31. Suppose b - 2 = -4*v, -v = -4*b + 4*v + 71. What is the units digit of f(b)?
7
Let t be (493/29)/((-2)/(-96)). Suppose t = 5*z + 171. What is the tens digit of z?
2
Let t be (-15)/(-6)*(-4 - (9 + -7)). What is the tens digit of (6/t)/((-2)/3060)?
1
Suppose -3*a = -4*i + 5*i - 22310, 111622 = 5*i + 3*a. What is the thousands digit of i?
2
Suppose -12*l - 64*l + 719064 = -4*l. What is the hundreds digit of l?
9
Suppose 5*c - 3224 - 3351 = 5*y, -c + 1311 = 3*y. Suppose -x - 2*p + 336 = 0, -3*x - 2*p = -7*x + c. What is the tens digit of x?
3
Suppose y = -2*a + 18, y + 2*y + 67 = 5*a. Let x(p) = -4*p**2 + 45*p + 19. What is the tens digit of x(a)?
3
Suppose -149489 = -5*s - 8*j, -5*j + 31830 = -2*s + 91683. What is the ten thousands digit of s?
2
Let h(f) = -f + 28. Let y be h(26). Let n(j) = -65*j**2 - 8*j - 72*j**2 - 10 + 142*j**y. What is the units digit of n(5)?
5
Let c be 1 + (5 - 4/1). Let d be c/(-4) + 13/26. What is the tens digit of (1 - d)*(-59)/(-1)?
5
Let u be (-1)/(-4)*2 - 275/(-50). What is the units digit of (-150328)/(-95) - 4/((-40)/u)?
3
Let q = 43978 - -684. What is the thousands digit of q?
4
What is the units digit of 20*24/40 + 11583?
5
What is the tens digit of (1/(10/12504))/((-380)/200 + 2)?
0
Suppose 35 = 2*v + 5*y, 0*v - y - 20 = -5*v. Let h(i) = 12*i + 122. Let p(j) = -12*j - 139. Let t(k) = 6*h(k) + 5*p(k). What is the tens digit of t(v)?
9
Suppose -212 = -q + 157. Let v be q/21 + (4 - 64/14). Suppose 0 = -3*t + 286 + v. What is the units digit of t?
1
Let b = 31902 - 14539. What is the units digit of b?
3
Let u = 12395 + -4792. What is the thousands digit of u?
7
Let w = -2091 + 2094. Suppose 2*h = 1602 - 378. Suppose -p = w*n + 4*p - 461, 0 = -4*n - 4*p + h. What is the units digit of n?
2
Suppose 3*t - 4*t = -2. Suppose -t*o + m + 691 = 0, -7*m = 4*o - 3*m - 1412. Suppose -5*h + o + 72 = 0. What is the tens digit of h?
8
Let a = 54 - 50. Suppose -a*y = -3*g - 2*g - 19, g = 3*y - 17. Suppose -y*c + 70 = -c. What is the tens digit of c?
1
Let z(j) be the first derivative of j**4/4 - 2*j**3/3 - j**2/2 + 1382*j + 198. What is the hundreds digit of z(0)?
3
Suppose 4*i - 5*i + 2*n + 15 = 0, i + 2*n = 35. Suppose i*w - 28*w = 6. What is the tens digit of (-73 - -2)*2/w?
7
Suppose 2*v = -3*h + 4*v - 14, 2*h + v = 0. Let q be h + -2 - (17 + -19). What is the units digit of 26 - (q - (-5 + -2))?
1
Suppose n + 3*g + 0*g = 65, -5*g = -n + 33. Let r = 56 - n. Suppose 0 = r*z - 43 - 38. What is the units digit of z?
7
Let a(v) = 16*v + 28. Let w(o) = o. Let x(c) = -a(c) + 4*w(c). Let r be x(-13). Suppose -8 = -4*u, -5*f - 5*u + r = -4*f. What is the hundreds digit of f?
1
Let k(c) = -6*c - 6*c + 9*c - 14. Let t be k(-6). Suppose 5*w - t*s + 27 = 157, 5*s - 104 = -4*w. What is the units digit of w?
6
Let m(n) = -16*n + n - n + 5 + n**2 + 14. Let p be m(15). Suppose p*c - 13*c = -1818. What is the hundreds digit of c?
2
Let m(t) = -t**2 + 2*t + 4. Let c be m(2). Let r(d) = -3*d**2 + 8*d - 11. Let l be r(c). What is the hundreds digit of (-94)/(-18) + -5 + (-4584)/l?
1
Suppose -39*u = -7074 - 11295. Suppose u = 6*v - 5751. What is the thousands digit of v?
1
Let x(k) = -k + 9. Let p be x(6). Let a be ((-54)/(-9))/(-12)*0/1. Suppose 0 = p*d - n - 161 + 33, a = 2*d - 4*n - 92. What is the tens digit of d?
4
Let d be ((-12)/(-8))/((-3)/(-3340)). Suppose 130*u = 125*u + d. What is the hundreds digit of u?
3
Let d(o) = -3*o**3 + 34*o**2 + 38*o + 160. Let x(k) = -k**3 + 17*k**2 + 19*k + 80. Let g(s) = -2*d(s) + 5*x(s). What is the units digit of g(-16)?
2
Suppose 11*h = 3*w + 6*h + 12, 2*w - 3*h + 7 = 0. What is the units digit of (3/w + 1)/(4/674)?
4
Suppose -3*k = 2*r + 6 + 2, -26 = -5*r + 4*k. Suppose 0 = -r*w - 6 + 10. Suppose -5*v = 3*s - 50, w*v - 20 = s + 2*s. What is the tens digit of v?
1
Let z(j) = j**3 + 8*j**2 - 4*j - 31. Let r be z(-8). What is the units digit of 3/r*(10 - (-5036)/12)?
9
Let q(b) = 149*b**2 - 178*b + 1473. What is the thousands digit of q(8)?
9
Let j be 122/6 + -3 - (-14)/(-42). Suppose -j*b + 13*b + 1556 = 0. What is the hundreds digit of b?
3
Let n = 529 + -526. Suppose n*w - 1204 = 800. What is the tens digit of w?
6
What is the hundreds digit of 75928796/4108 + 2/(-13)?
4
Let v(s) = 42*s**2 + 7*s. Let m be (4 + -1 + -2)*(6 - 8). What is the tens digit of v(m)?
5
Suppose -48 = 5*d - 33. What is the tens digit of d/5 + 455362/295?
4
Suppose -5*n + 400 = 4*s, 8*n = -5*s + 9*n + 500. Let r = 549 + s. What is the units digit of r?
9
Suppose -4*b - a - 30354 = -160735, -5*b + 162972 = -3*a. What is the ten thousands digit of b?
3
Let x(h) = -49 + 47 - 5*h - 15*h - 100. What is the tens digit of x(-10)?
9
Suppose -2*r + j = -1876, 2*r + j + 0*j = 1876. Let a = 1452 - r. What is the tens digit of a?
1
Suppose -21964 = -j - 5*s, 3*j = s + 26602 + 39402. What is the ten thousands digit of j?
2
Let j(b) = 18*b + 32. Suppose -i + 2 = -5*o, -2*i - 3*o = 2*i - 31. What is the hundreds digit of j(i)?
1
Let h be (-36)/30*15/(-9). Suppose k - 6*k + h*k = 0. Let i(g) = g**3 - g**2 + 3*g + 155. What is the tens digit of i(k)?
5
Let g = 53 - 46. Suppose g*f - 2*f + 10 = 0, f = 4*p - 22. Suppose p*x = -15, -4*k + k = 2*x - 147. What is the units digit of k?
1
Suppose 0 = 2*g - 5*d - 43 - 23, -2*g + 4*d = -70. Let m = g - 41. Suppose -380 = -4*h + 5*k, m*k = -2*k. What is the tens digit of h?
9
Let m = -66 + 59. Let t = 11 + m. Suppose -2 - 10 = 3*a, -344 = -4*o - t*a. What is the units digit of o?
0
Let f be (-5)/45 - (-7598)/18. Let l = f + -152. What is the units digit of l?
0
Let m = 6159 + -2050. What is the tens digit of m?
0
Let d be 357/(-126) + 1/(-6). What is the tens digit of 4 - (d - -2) - -8?
1
Let l(b) = 2*b**3 + b**2 - 1. Let x be l(-1). Let r be 1/(-1) + (5 - (6 + x)). Suppose 2*h - 151 - 237 = r. What is the tens digit of h?
9
Let r(k) = 7*k + 37. Suppose 0 = u + 12 - 2. Let y be r(u). Let l = y + 175. What is the units digit of l?
2
Suppose -272*t = -2*s - 270*t + 7030, -7026 = -2*s + 3*t. What is the units digit of s?
9
Let i(z) = -z**2 - 19*z - 13. Let v be i(-18). Suppose a - 99 = 5*c, -5*a + 385 = v*c - 8*c. What is the tens digit of a?
7
Suppose -286 = -15*j + 4*j. Suppose 6*o = 19*o - j. Suppose -3*v = 5*s - 685, -8*s - o*v + 548 = -4*s. What is the tens digit of s?
3
Suppose -75*n + 1074367 - 245242 = 0. What is the thousands digit of n?
1
Let v(w) = 436*w - 8596. What is the tens digit of v(111)?
0
Let s(n) = 123*n. Let c be s(-1). Suppose 37*p - 624 = 49*p. Let z = p - c. What is the tens digit of z?
7
Let o = 116 - 95. Let b be (-8692)/28 + (-12)/o. Let m = 478 + b. What is the tens digit of m?
6
Suppose 18*u - 5430 = 3*u. Suppose -u = -2*l - 0*l - 4*v, 9 = 3*v. What is the hundreds digit of l?
1
Let l(f) be the first derivative of -f**3/3 - 9*f**2/2 - 15*f - 16. Let k be l(-7). Let i(m) = 41*m**2 - 3*m - 2. What is the units digit of i(k)?
2
Let d = -9473 + 14725. What is the thousands digit of d?
5
Let j = -1920 - -5218. What is the hundreds digit of j?
2
Let m be 18/(2 + -5) + 8. Suppose -1098 = -2*l + 3*c, -15*l + 12*l + m*c = -1652. What is the units digit of l?
2
Suppose 3*f - 2*d + 307 = 0, 7*f - 193 = 9*f + d. What is the tens digit of 6996/f*(-10 + 1)?
3
Let m(u) = -34*u + 36. Let o be m(-8). Let i = o + -75. Let c = i - 119. What is the tens digit of c?
1
Suppose 0 = 4*p - 5*t - 20, 5*t - 7 + 27 = -5*p. Suppose p = -g + 137 + 739. What is the units digit of g?
6
Suppose -3*c - 8 = 100. Suppose 2*m - 9 = m. What is the units digit of (-187)/(-4) - m/c?
7
Suppose 0 = -2*y - 3*w + 51066, y + 2155 = 5*w + 27701. What is the thousands digit of y?
5
Let k = 10268 + 4577. What is t